rs of g?
2
Suppose f = -3*x, -9 = -4*f - 2*x + 1. Suppose -2*k = -f*k - q + 8, -25 = 5*q. What are the prime factors of -2 + 2/(2/k)?
11
Let g be 1/(-4) - (-579)/12. Suppose 2*o - g = -o. List the prime factors of o.
2
Let w(p) = 2*p + 12. What are the prime factors of w(13)?
2, 19
Suppose -5*z = -50 - 95. List the prime factors of z.
29
Let r = -6 - -15. Let d be (-14)/2*(-12)/14. Let h = r - d. What are the prime factors of h?
3
Let g(y) = y**3 + 10*y**2 - 14*y + 4. List the prime factors of g(-11).
37
Let a(w) = w**2 - 7*w - 8. Let j be a(9). Let h be (0 - (-2)/(-3))*3. Let z = h + j. What are the prime factors of z?
2
Let d be (3/9)/((-1)/(-9)). Let x = d + -3. Let i = x - -12. List the prime factors of i.
2, 3
Suppose 508 = 4*a + 3*w, a - 4*w + 388 = 4*a. Suppose -4*s - y + 92 = -0*y, 0 = -5*s + y + a. Let z = -15 + s. What are the prime factors of z?
3
Suppose 83 = 3*n + 20. List the prime factors of n.
3, 7
Suppose -z - 31 - 4 = 0. Let q = -7 + -18. Let n = q - z. List the prime factors of n.
2, 5
Let j(w) = -w**2 + 12*w - 12. List the prime factors of j(8).
2, 5
Let t(w) = -24*w - 4. What are the prime factors of t(-2)?
2, 11
Let l(d) be the second derivative of -d**3/3 + 3*d**2/2 + d. Let r be l(-7). Let o = 26 - r. What are the prime factors of o?
3
Let l(d) = -d + 1. Let i(z) = -14*z + 10. Let h(y) = -2*i(y) + 22*l(y). What are the prime factors of h(2)?
2, 7
Suppose 0 = -8*g - 791 + 2095. What are the prime factors of g?
163
Suppose j = -j + 4. Suppose 2*b - 40 = j*k, -4*k - 25 = k. Suppose 4*h + 15 = 3*q, -3*h + 2*h + b = 3*q. List the prime factors of q.
5
Let l(y) = 5*y + 320. What are the prime factors of l(0)?
2, 5
Suppose 0 = -a + 5*y + 38, 0 = -2*a - 3*y + 12 - 1. Suppose -a = 2*b - 3*b. What are the prime factors of b?
13
Let m(x) = -25*x - 21. What are the prime factors of m(-10)?
229
Suppose 4*k = -2*c + 74, -7*c + 2*c - 2*k = -217. Let l = -27 + c. List the prime factors of l.
2, 3
Let o be (30*-1 - -1)/(-1). Let q = o - 16. List the prime factors of q.
13
Let j = 17 + 20. What are the prime factors of j?
37
Suppose c - h = 2, -3*h + 0 = 3*c - 18. What are the prime factors of 30/4 - 2/c?
7
Let q(g) = g**3 + 5*g**2 - 6*g + 3. List the prime factors of q(-5).
3, 11
Let v be 2/(2 - 8/6). Let t be v*(1 - 0) + -11. Let r = t - -15. List the prime factors of r.
7
Let u(v) = 3*v + 11. Let c be u(9). Let o = c + -20. What are the prime factors of o?
2, 3
Suppose -v = -2*v + 2. Let q be (2 + -6)*(0 + -11). Suppose -q = -v*j - 2*j. List the prime factors of j.
11
Let s(f) = f**2 - 5 - f + 0*f**2 + 0 + 15. What are the prime factors of s(0)?
2, 5
Let v be (-9)/(-6)*8/(-6). Let d be 0/v + 0 + 5. Let p = 8 - d. List the prime factors of p.
3
Let q(t) = -3*t + 1. List the prime factors of q(-1).
2
Suppose -6 = -5*x - 1. What are the prime factors of (-2)/x + (-5 - -25)?
2, 3
Suppose -c + 2*r + 21 = 76, c + 54 = r. List the prime factors of c/(-6) - (-2)/12.
3
Suppose -4*p = -2*z + 224, -1 = -p - 2. What are the prime factors of z?
2, 5, 11
Suppose l + 4*c = 10, 5*l + 4*c - 19 = -1. Suppose -l*w = -0 - 4. Suppose w*x + 2*b + 1 = x, 4*x - b - 23 = 0. What are the prime factors of x?
5
Suppose 3*s - 186 = 4*d, s + 5*d - 78 = -35. List the prime factors of s.
2, 29
Let p = 13 - 9. What are the prime factors of p?
2
Let c(i) = i + 9. Suppose 3 + 21 = -4*p. What are the prime factors of c(p)?
3
Suppose -4*z + 3*n = -36, 0 = -z - 2*n + n + 2. Suppose -4*g - 28 = -z*g. List the prime factors of g.
2, 7
Let h(b) = -b - 2. Let f be h(6). Let o = f + 11. Suppose -1 = o*u - 7. What are the prime factors of u?
2
Let o = -2 - -8. Suppose -36 = 2*j - o*j. Let x = -6 + j. What are the prime factors of x?
3
Suppose r - 2*x = 2*x - 20, 2*r + 15 = 3*x. Suppose -l + 8 = -5*l, -2*u + 5*l + 50 = r. List the prime factors of u.
2, 5
Let c(x) be the second derivative of 7*x**5/60 - x**2 - x. Let l(y) be the first derivative of c(y). What are the prime factors of l(-1)?
7
What are the prime factors of (-58)/(-1 - (1 - 1))?
2, 29
Suppose -76 = -4*k - b + 343, b + 1 = 0. List the prime factors of k.
3, 5, 7
Suppose -26 = -2*r - 4. What are the prime factors of r?
11
Suppose 0 = 3*h + 7*h - 1210. List the prime factors of h.
11
Let w = -198 - -235. List the prime factors of w.
37
Suppose 0 = a - 0*a - 48. What are the prime factors of a?
2, 3
Suppose 0 = -2*b + b + 12. Let t be (-10 - 0)*(-6)/b. Suppose u - 6*u = 5, -t*w = 5*u - 40. What are the prime factors of w?
3
Let x(o) = o**2 + 3*o - 20. What are the prime factors of x(6)?
2, 17
Suppose -n + 3 = m, 1 + 5 = -m - 4*n. Suppose 2*o = m - 36. Let d = o - -23. What are the prime factors of d?
2
Let i = 57 - -71. What are the prime factors of i?
2
Suppose 0 = -2*i - i. Let r be (-3 - 1)*(i + -2). Suppose 0*s - s - r = -4*h, -2*h + 22 = s. What are the prime factors of s?
2, 3
Let z = -18 + 24. Suppose -a = -15 - z. What are the prime factors of a?
3, 7
What are the prime factors of (8/(-6))/(1/(-18))?
2, 3
Let v(o) = -15*o**2 + o - 5. Let t(u) = -14*u**2 + u - 4. Let k(a) = -4*t(a) + 3*v(a). What are the prime factors of k(1)?
11
List the prime factors of 2440/20 + (-2 - 1) + 1.
2, 3, 5
Let p(s) = -s**3 + 7*s**2 - 4. Let m be p(7). Let t(d) = -2*d - 4. What are the prime factors of t(m)?
2
Let n be (-6)/(-9) - (-38)/6. Let t = -2 + n. What are the prime factors of ((-18)/(-5))/(1/t)?
2, 3
Suppose -2*j = -7*j - 20. Let p be j/(-2) + (-9)/(-3). Suppose -p*m - 18 = -63. What are the prime factors of m?
3
Suppose -32 = -0*i + 2*i. Let k be (-2)/7 + i/(-7). Suppose 0 = k*v - 24. List the prime factors of v.
2, 3
Suppose o = -2*h + 5*h - 1022, -5*o = -h + 350. What are the prime factors of h?
2, 5, 17
Let k(h) = -h**3 - 3*h**2 + 4*h + 3. Suppose 0 = a - 2 + 6. Let d be k(a). Suppose z + 6*j = d*j + 3, -5*j = z + 1. What are the prime factors of z?
3
Let l(i) = -i**2 - 8*i + 2. Suppose -5*o + 4*z - 44 = 0, 2*o = -4*z - 6 - 6. Let p be l(o). Suppose k = -p*k + 21. List the prime factors of k.
7
Let p(o) = o**3 + 5*o**2 + 4. Let d be p(-3). Let y = d - 11. List the prime factors of y.
11
List the prime factors of 18 - (0 + -2 - 0).
2, 5
Let u = 107 + 87. List the prime factors of u.
2, 97
Let y = 2 - -46. Suppose -3*r - r = -y. What are the prime factors of r?
2, 3
What are the prime factors of -141*1/(-3) + 4?
3, 17
Let t be (2/1)/((-2)/(-5)). Let u(y) = -24*y**2 + 1 - 2 + 7*y + 23*y**2. What are the prime factors of u(t)?
3
Suppose 8*a - 9*a = -16. What are the prime factors of a?
2
What are the prime factors of (-28)/6*-1*12?
2, 7
Suppose -111 = -4*k + 3*a, 33 = 2*k + 3*a - 0*a. Let t = k + -4. List the prime factors of t.
2, 5
Suppose 2*n - 7 = -1, 3*n = -5*r + 564. List the prime factors of r.
3, 37
Suppose -s = -4*r + 49, 2*s + 30 = 3*r - s. Suppose 5*g = 12 + r. What are the prime factors of g?
5
Let x(i) = -i**2 + 18*i - 16. What are the prime factors of x(15)?
29
Let v be -1 + (0 - -6) - 2. Let u(f) = -34*f - 2. Let r be u(-1). Suppose -v*j + 7 + r = 0. What are the prime factors of j?
13
Suppose -a + 2*b - 15 = 0, 2*a + 6*b = b + 6. Let f(m) = -m**2 - 12*m - 8. Let q be f(-10). Let v = q + a. List the prime factors of v.
5
Let k(g) = -g**3 - 3*g**2 + 5*g. What are the prime factors of k(-7)?
7, 23
Let d be ((-2)/(-3))/(1/3). Suppose -2*t = -4*u - 0*t + 2, -3*u = d*t - 5. What are the prime factors of (2 - u)*(4 - -1)?
5
Let p(y) = y**3 + 6*y**2 - 2*y - 1. Let v be p(-7). Let h = 77 + v. List the prime factors of h.
41
Let c(i) = 11*i. What are the prime factors of c(2)?
2, 11
Let g(s) = 4*s**3 - 2*s**2 - s + 2. What are the prime factors of g(2)?
2, 3
Suppose 2*n = -5*w + 152, -5*w + 2*w + 112 = -4*n. What are the prime factors of w?
2
Suppose -240 = -4*h - 4*b, -b + 215 = 4*h - 31. List the prime factors of h.
2, 31
Suppose -13 = -r - 3*h, -4*r - r + 125 = 3*h. Suppose 2*t + 7 = -0*i + 3*i, -4*i - 2*t + r = 0. List the prime factors of i.
5
Let u = -1 + 1. Suppose -4*j = -4 - u. Let r(y) = 8*y - 1. What are the prime factors of r(j)?
7
Let w be -48 + (2 - 0) - -4. Let k = w + 87. List the prime factors of k.
3, 5
Let n(s) = -s**2 + 4*s**2 - 7 - 6*s - s**2. What are the prime factors of n(5)?
13
Let t(k) = 0*k**2 + k + k**2 + 13 - 12*k. Let r be t(9). Let i = 8 + r. What are the prime factors of i?
3
Let 